)*6/21). Calculate the highest common factor of j and x.
3
Let r(n) = 34*n**2 + 6*n - 3. Let l(y) = 2*y**2 - 13*y - 6. Let z be l(7). Let i be r(z). Calculate the greatest common factor of i and 148.
37
Let o(a) = 392 - 119 + 8*a + 57 + 13*a - 34*a. Let v be o(25). Calculate the greatest common divisor of v and 230.
5
Suppose -4*g = -5*d - 3259, -32*g - d = -30*g - 1619. Let l = 1421 - g. What is the greatest common divisor of l and 10?
10
Let b(m) = -m**3 - 85*m**2 - 248*m + 140. Let j be b(-82). Calculate the greatest common factor of 2272 and j.
16
Let y(j) = -16*j + 66. Let w be y(-9). Suppose -777 + w = -3*x. Calculate the greatest common factor of x and 21.
21
Let p be (861630/2611)/(6*1/16). Suppose -3*v - 36 = -6*v - 3*w, -5*v = -w - 36. Calculate the highest common factor of v and p.
8
Let k be 5/(-6) + 0 + 364868/3768. Let f be 3 + -3 + -2 + 86. What is the greatest common factor of f and k?
12
Let h be ((-7 + 3)*1)/((-2)/20). Suppose -85 = -m + 4*g + 71, 5*m + 5*g = 680. Calculate the greatest common factor of m and h.
20
Let t(k) = 2*k - 4. Let z be t(5). Suppose -i = 4*h - 45, -5*i = 3*h - 8*i - 45. Let y be (-48)/(-8)*14/h - 1. Calculate the highest common divisor of y and z.
6
Let x be ((-2)/(-3))/((-42)/(-252)). Suppose -4*p = -75 - 37. Suppose 5*s - p = -5*g - 8, -3*s = -g - x. What is the highest common factor of 10 and s?
2
Let t(o) = -8*o + 82. Let k be t(11). Let y be ((-60)/18)/(k/9). Suppose 0 = l - 0*l - 25. What is the greatest common factor of l and y?
5
Suppose y + 3*y = 4*f - 24, -3*y = -5*f + 42. Let c = -22 - -50. What is the highest common factor of f and c?
4
Suppose -17*n + 21*n - 84 = 0. Let z = n - 18. Suppose -z = -3*v - 4*r + 10, 0 = -4*r + 4. Calculate the greatest common divisor of v and 3.
3
Let d be 12*(2/2)/2. Suppose 5*j + d = 7*j. Suppose 3*g = -5*o + 21, j*g - 6*o + 2*o - 21 = 0. Calculate the highest common factor of 1 and g.
1
Let x(g) = g**3 + 32*g**2 - 34*g + 130. Let k be x(-32). What is the highest common divisor of 522 and k?
174
Suppose 0 = 3*i + i - 12. Let v = 10 - i. Let z be (7 + 0)/((-1)/(-11)). Calculate the highest common factor of v and z.
7
Let f(c) = -c**2 + 17*c - 6. Let r = 6 + 6. Let b be f(r). Let n be -34 - -37 - (-429 + 0). What is the greatest common factor of n and b?
54
Let i = 133 + -113. Let f be 127 + ((-1)/(-1))/((-10)/i). Let v = -26 - -51. What is the highest common factor of f and v?
25
Let b be 13 - (-400)/(-32) - 7522/(-4). What is the highest common divisor of 57 and b?
57
Suppose 0 = 3*a - 4*g - 149, 0*a - 5*a + 4*g = -251. Let x = 73 - a. Let l be 0 + -33*2/(-2). Calculate the highest common divisor of l and x.
11
Let f = 270 - 234. Let q(y) = -y**2 - 28*y - 33. Let h be q(-24). Calculate the highest common factor of h and f.
9
Suppose 39473 = 112*u + 3185. Calculate the greatest common divisor of 4 and u.
4
Suppose -1075 = -2*w - 138*i + 143*i, -w + i = -536. What is the greatest common divisor of w and 35?
5
Let k be (-4)/16 - 5816/32. Let p = -180 - k. Calculate the greatest common factor of 2 and p.
2
Let o = 34 - 2. Let b be 210/231*-22*-8. Calculate the greatest common factor of b and o.
32
Suppose -144 - 12 = -4*q. Suppose 12 - 60 = -3*g. Let f = -3 + g. What is the highest common factor of q and f?
13
Suppose -4*g + 8*g + 32 = 0. Let q(w) = -w - 16. Let d be q(g). Let f be (-38)/(-2 - 12/d). Calculate the highest common factor of f and 190.
38
Suppose 7 = 9*f - 10*f. Let b be 269/f + (-16)/28. Let l be (-1254)/b - 6/39. Calculate the highest common divisor of l and 96.
32
Let s be 1 - 42/30 - (-9565)/(-25). Let i = 389 + s. Calculate the greatest common divisor of 192 and i.
6
Let q = -12737 + 12797. Calculate the highest common factor of 2085 and q.
15
Suppose o - 154 = -4*v + 26, 4*v - 5*o = 156. Let t(w) = -w**2 + 10*w - 8. Let a be t(8). Calculate the greatest common divisor of a and v.
4
Let y(m) = 5*m**2 - 3*m - 76. Suppose 4*a + 6 + 38 = 2*j, 3*a + 4*j = -11. Let u be y(a). What is the greatest common divisor of u and 4?
4
Let z(a) = a**2 - a. Let q be z(4). Suppose -12*j + 3270 = -0*j - 3*l, 0 = 2*l - 28. Calculate the greatest common factor of j and q.
12
Let d be 3262/294 - (-6)/(-63). Calculate the highest common factor of d and 946.
11
Let w = 608 - 332. Suppose 0 = w*o - 278*o + 522. What is the highest common factor of o and 9?
9
Let q be 0 + 4 - 2/1. Let z be ((-2)/4 + q)*8. Let h(w) = 2*w**3 - 19*w**2 + 26*w + 80. Let j be h(8). What is the greatest common divisor of j and z?
12
Suppose 0 = 2*f + 4*x - 214, 8 = -5*x + x. Let v = f - 92. Calculate the highest common factor of v and 38.
19
Let x = -25853 + 25873. Calculate the highest common factor of x and 2176.
4
Let k = -66 - -71. Suppose -2*s + 2*g + 12 = 0, 4*s = s - k*g - 14. Suppose -s*m + 0*m = -28. What is the highest common factor of m and 98?
14
Let f be (2/6)/(-1) + 82/12*4. Suppose 0*i + 111 = i - 3*y, -5*i + y = -541. Calculate the greatest common divisor of i and f.
27
Let l = 9927 + -9729. Calculate the highest common factor of l and 495.
99
Suppose v = -q + 8, 18*v = 20*v + 5*q - 7. What is the highest common divisor of v and 3223?
11
Let q be (-48 - 0) + 24/(-40)*-5. Let y be -7 + 5 + -9 + -1 + 2. Let k = y - q. Calculate the highest common factor of k and 315.
35
Suppose -7*z + 28 = -56. Suppose -7*x + 940 = -2*x. Suppose -3*t - 2*n = -6*n - x, -3*n - 66 = -t. What is the highest common divisor of t and z?
12
Suppose -8*f + 80 = -224. Let h be -15 + 16 + 5/2*f. What is the highest common divisor of 108 and h?
12
Suppose 4*d - 57 - 79 = 0. Let y be 5436/d - (-70)/595. Calculate the highest common divisor of 60 and y.
20
Suppose -9*u - 492 - 624 = 0. Let z = 146 + u. Calculate the greatest common factor of 275 and z.
11
Suppose 2679 = 35*b - 4909 - 2772. Let w = 81 + -44. Calculate the highest common divisor of w and b.
37
Let n = 166 + -358. Suppose 42 = 3*g + 2*k, 2*g - 6 = 5*k + 3. Let p be ((-6)/g)/(2*2/n). Calculate the greatest common divisor of 12 and p.
12
Let c(v) = -v**3 - v. Let w be c(-2). Suppose 0 = -w*g + g + 27. Let p be 332/12 - 5/g. Calculate the greatest common factor of p and 13.
13
Suppose 5 = -2*m - 5*c, 0 = 3*m - 0*m - 2*c - 21. Calculate the greatest common factor of 115 and m.
5
Suppose 0 = -1434*q + 1411*q + 43378. Calculate the highest common factor of 368 and q.
46
Let q(t) = 8*t**2 + 5*t + 14. Let v be q(-4). Let n = v - 62. Suppose 8*i = -2*i + n. What is the greatest common factor of i and 30?
6
Suppose -38*j + 18*j = 200. Let g be 6/j + 2096/10. What is the highest common divisor of g and 95?
19
Suppose -3*q + 4*b + 764 = 0, -4*b + 1312 = 5*q - b. Suppose 116*l - 119*l = -7*l + 16. What is the highest common divisor of l and q?
4
Let t(k) = -k**3 - 3*k**2 + 7. Let h be t(-2). Suppose h*u = 74 - 56. Let y(m) = m + 11. Let l be y(-8). What is the highest common factor of l and u?
3
Suppose 236 + 94 = 2*c. Let b(x) be the first derivative of 15*x**2/2 + 405*x - 72. Let d be b(-26). Calculate the greatest common factor of d and c.
15
Let n be (13 - (-1 - -8)) + 2. Suppose 45*j = 9114 + 17166. What is the greatest common factor of n and j?
8
Let p(u) = -104*u - 8940. Let q be p(-86). Let k = 12 - 6. Suppose 3*o + 98 = k*o + q*d, o + 3*d = 41. Calculate the highest common divisor of o and 65.
13
Suppose 8*d - 12*d = 16. Let v be 229*(-2)/d - (-1)/2. Calculate the highest common divisor of v and 5.
5
Let t = -156 - -216. Let v(k) = 10*k**3 - 4*k**2 + 6. Let r be v(3). What is the greatest common factor of r and t?
60
Suppose 0 = -88*h + 87*h + 4*r + 6540, -5*r = 25. What is the greatest common divisor of 80 and h?
40
Suppose -2 = 2*z, 2*s - 10*z - 8 = -14*z. Let k be (s - 4)*-1*(-2)/4. Suppose 110 = 4*q + 5*g, -g + 50 = 3*q - 27. What is the highest common factor of k and q?
1
Let j(a) = -58*a - 1310. Let d be j(-23). What is the highest common factor of d and 3468?
12
Suppose 42 + 16 = 2*q - k, 4*q + 3*k - 136 = 0. Suppose q*j + 2 = 29*j. Let b be 2*(-1 - (j - 1)). Calculate the greatest common divisor of 18 and b.
2
Let c be -15*(-64)/1200*15. Let y(i) be the second derivative of i**3/2 + i**2/2 + i. Let w be y(1). Calculate the highest common factor of w and c.
4
Suppose -5*f + 2*i = -274, -116 = -2*f - 2*i + 6*i. Let k(g) = -g + 10. Let w 